 What is the remainder when 29 is divided by i(6)?
9
Suppose -3*o = 2*h + 23, 4*h = -4*o + 5*h - 16. Let l(a) = -8*a - 11. What is the remainder when l(o) is divided by 6?
5
Let d(m) be the first derivative of m**2 - 3*m + 2. Let o be d(-6). What is the remainder when 13 is divided by (-102)/o - 2/(-10)?
6
Let t be -11*(-1 + (-2 - 0)). Let b = -8 + t. What is the remainder when b is divided by 21*(-1)/7*(-238)/102?
4
Suppose 4*d - 7*d = 18. What is the remainder when (0 - d)/(2/6) is divided by 10?
8
Calculate the remainder when (0 - 1)/(5/(-25)) is divided by 2.
1
Suppose 0*z = 3*z - 69. Let k = 50 - z. Calculate the remainder when k is divided by 10.
7
Let f = -6 + 4. What is the remainder when (1/f)/((-4)/344) is divided by 11?
10
Let a(i) = -i**3 - 7*i**2 - 3*i - 8. Suppose 2*x + h = 7 - 47, 2*x - h = -40. Let z = x - -13. What is the remainder when a(z) is divided by 5?
3
Suppose -4*i - 14 = 2*d, -3*d + 3*i + 2 = 23. Let g = d - -15. What is the remainder when g is divided by 5?
3
Let o = -9 + 16. Suppose i - 3*i + 12 = 0. What is the remainder when i/(-4)*(-114)/9 is divided by o?
5
Let a(s) = 50*s**3 - s + 1. Let v be a(1). Let o = v - 19. What is the remainder when o is divided by 11?
9
Let s(c) = -27*c + 1. Calculate the remainder when s(-2) is divided by (-4)/(32/42)*(-24)/9.
13
Let c(r) = 4*r**2 - 4*r + 3. Let w be c(2). Suppose 0 = -4*z + w + 9. Calculate the remainder when 13 is divided by z.
3
Let z(l) = l - 3 + 0 - 4. Let u be z(7). Suppose -5*g + 56 + 74 = u. What is the remainder when g is divided by 14?
12
Suppose 5*s - 57 = -7. Suppose s*a - 5*a = 60. Calculate the remainder when ((-30)/(-18))/((-3)/(-63)) is divided by a.
11
Suppose -4*u = 2*g - 4, 0*u + 5 = 5*u. Let y be -3 - (-2 - g - -17). Let i = y + 41. Calculate the remainder when i is divided by 6.
5
Let u = 0 + 2. Suppose -l - 24 = -2*n + 29, 5*n - 132 = 3*l. Suppose -u*z + 3*z = n. What is the remainder when z is divided by 15?
12
Suppose 6*h = 5*h + 3. Suppose 2*o - 95 = -h*g, 5*g - 7*g = -o + 30. Calculate the remainder when o is divided by 14.
12
Suppose 2*z + 1 = 5. Suppose 13 = -j + z*j. Calculate the remainder when 24 is divided by j.
11
Suppose 0 = 30*f - 26*f - 472. What is the remainder when f is divided by 15?
13
Suppose -4*g + 56 = 3*x, -4*g + 2*x = -0*x - 76. Calculate the remainder when 44 is divided by g.
10
Suppose 3*n - 16 = 14. What is the remainder when n is divided by (-40)/50 + (-68)/(-10)?
4
Let m(z) = 0*z + z**3 + 7*z**2 + 0 + 1 + 6*z. Calculate the remainder when 81 is divided by m(-5).
18
Suppose 0 = -5*m + m + 48. Let b(r) = 2*r**3 - 2*r**2 - r - 1. Let q be b(3). Suppose 3 = y - q. Calculate the remainder when y is divided by m.
11
Suppose 7*g - 5*s + 8 = 4*g, -s = -2*g + 4. Suppose -g*x = -x - 30. Calculate the remainder when x is divided by 6.
4
Let m = 22 + -37. Calculate the remainder when 38 is divided by (-5)/((m/12)/5).
18
Let x(q) = -9*q**2 - q + 1. Let s be x(1). Let j(a) = a + 13. Let t be j(s). Suppose -t*z + 48 = 8. Calculate the remainder when 18 is divided by z.
8
Suppose 43 = -4*x + 3. Let z = x - -36. Calculate the remainder when z is divided by 7.
5
Let x be (2 - 6/4)*0. Suppose 12 + x = 6*u. Calculate the remainder when 3 is divided by u.
1
Suppose -3 = -7*d + 4*d, -i + 23 = 4*d. What is the remainder when 70 is divided by i?
13
Let h(t) be the second derivative of t**5/20 - t**4/2 + 7*t**3/6 + t**2 - 2*t. What is the remainder when 34 is divided by h(5)?
10
Let q(c) = c**2 - 12*c + 5. Let s be q(11). Let m = 9 + s. Let u = m + 7. What is the remainder when 28 is divided by u?
8
Suppose -k + 6 + 3 = 3*a, 0 = 4*a + 3*k - 17. What is the remainder when 7 is divided by a?
1
Suppose u - 6*u + 25 = 0. Suppose -u*m = -10*m. Let v(w) = -w + 20. What is the remainder when v(m) is divided by 11?
9
Suppose 5*j + 1 = -s, 3*j - 7 = -4*s - 28. Let l(f) = -f**2 - 7*f - 1. What is the remainder when l(s) is divided by 2?
1
Suppose 0 = -6*d + 3*d + 222. What is the remainder when d is divided by 2/(-7) - (-945)/49?
17
Suppose 2*w - 105 = n, -w - 4*n - 120 = -3*w. Suppose 4*v + 92 = -0*v. Let b = 40 + v. Calculate the remainder when w is divided by b.
16
Let a(x) = 9*x**3 - x**2 + 4*x - 5. Let z be a(2). Suppose l - z = -0*k - 3*k, k - 20 = -4*l. Let p = -11 - -24. Calculate the remainder when k is divided by p.
11
Suppose 3*s + 48 = -5*g, -g + 3*s - 36 = g. Let h(u) = u**3 + 12*u**2 - 6*u - 13. Calculate the remainder when h(g) is divided by 20.
19
Let z = -5 + 28. Suppose 1 + 44 = r. Calculate the remainder when r is divided by z.
22
Let o be -2*6/(-20)*25. Suppose 2*m - 71 - o = 0. Calculate the remainder when m is divided by 11.
10
Let j(d) = -d**3 + 8*d**2 - 6*d - 1. Suppose -a = -0*a - 3. Calculate the remainder when j(7) is divided by a.
0
Let t = 91 - 65. Calculate the remainder when 101 is divided by t.
23
Suppose d + 0*d - 6 = l, 4*d + l - 4 = 0. Suppose 3*w - 7 = 2*w. Calculate the remainder when (d - 1)/(6/78) is divided by w.
6
Let d(x) = x**2 - 9*x + 10. Let g be d(8). Suppose -21 = -g*l + 25. Suppose -5*b - 4*p = -60, 5*b + 9 = p + 44. Calculate the remainder when l is divided by b.
7
Let u(f) be the third derivative of -f**4/8 - 5*f**3/6 + 3*f**2. Let k be u(-7). Calculate the remainder when 22 is divided by (-4 + k)*(2 + -1).
10
Let j = -8 + 25. Suppose j = -2*z + 3*z. Suppose -3*i = -d + 36, d + 3*i = 6*d - 168. What is the remainder when d is divided by z?
16
Let j = 16 + -13. What is the remainder when 9 is divided by j?
0
Let l be 5/(-3*4/(-12)). Suppose 4*p = g - 105, l*g - 5*p - 668 = -143. Calculate the remainder when g is divided by 27.
24
Suppose -5*f + 416 = 3*p, -7*f + 11*f + 248 = 2*p. What is the remainder when p is divided by 34?
30
Suppose -4*y = -y + 72. Suppose 4*d + 4*f = f + 60, 3*d = 4*f + 20. What is the remainder when (368/y)/(2/(-3)) is divided by d?
11
Let z = -116 - -168. Calculate the remainder when z is divided by 28.
24
Let f(o) = 3*o**2 + 4*o + 5. Calculate the remainder when f(-1) is divided by 2.
0
Let j = -1 - -1. Let f = -2 + j. What is the remainder when 54/10 - f/(-5) is divided by 3?
2
Suppose -2 + 20 = 2*c. What is the remainder when 15 is divided by c?
6
Let w(p) = -p**3 - 8*p**2 - 8*p + 5. Let v = 39 - 25. Suppose y + v = 49. Calculate the remainder when y is divided by w(-7).
11
Suppose 19 = 4*b + 3*k, -5*k - 3 + 8 = 0. Suppose -87 = -5*r + u + 12, r - b*u - 35 = 0. Calculate the remainder when 75 is divided by r.
18
Let z be (0 - 6)*(-168)/16. Suppose -r - 2*r = -z. Calculate the remainder when 39 is divided by r.
18
Let b(q) = q**2 + 6*q - 1. Suppose f = 6*f + 35. What is the remainder when 5/(5/18) - 1 is divided by b(f)?
5
Let a = 15 - 6. Calculate the remainder when 2/6*(a - 3) is divided by 2.
0
Suppose -3*d + 103 + 62 = 5*t, 0 = -t + d + 33. Let m = t + -17. What is the remainder when m is divided by 6?
4
Let o = 7 - 4. Calculate the remainder when 21 is divided by 12 + (o/(-1))/3.
10
Let m(l) = -11*l + 6. Calculate the remainder when m(-5) is divided by 21.
19
Suppose 1 - 4 = a. Let j(k) be the second derivative of k**5/20 + k**4/4 - k**3/6 + 9*k. What is the remainder when j(a) is divided by 2?
1
Suppose 0 = -2*t + 6 + 18. Suppose 4*j = -4*m + t, -5*j = -5*m + 4*m + 3. Suppose -7 = m*z - 16. What is the remainder when z is divided by 2?
1
Suppose -5*j + 2*h + 273 = -h, 3*j = -3*h + 183. Calculate the remainder when j is divided by 21.
15
Let c(x) = x**2 - x + 1. Let t be c(2). Calculate the remainder when 50 is divided by (-3)/(-6)*58 - t.
24
What is the remainder when 28 is divided by 3/9 + (-102)/(-18)?
4
Suppose -l - 4*l = -5*i - 215, -4*i + 122 = 3*l. What is the remainder when l is divided by 11?
9
Suppose 2*z - 7*z = -80. Suppose 0 = -3*t + 245 - 62. What is the remainder when t is divided by z?
13
Suppose 0 = -o - 3*u + 8, -u + 2*u = 0. What is the remainder when 55 is divided by o?
7
Suppose 5*d = -o - 8, -2*o = -7*o - 5*d. Suppose -6*j + 76 = -o*j. Calculate the remainder when j is divided by 7.
5
Suppose -d - 12 = -2*d. What is the remainder when 33 is divided by d?
9
Let s = 10 + 12. Let t = -5 - -14. Suppose -2*b = 4*g - t*g + 36, -b = -g + 6. Calculate the remainder when s is divided by g.
6
Let v be (-2)/(0 - -2) + 63. Let p be v*(2 + (-6)/4). Let x = p -